divided by o.
1
Suppose -i = 4*i - 20. Suppose c = -i*g + 6 - 45, -4*g = -4*c - 76. What is the remainder when c*2/(-4)*2 is divided by 12?
11
Let g = 6 - -15. Suppose -x - x = -82. Calculate the remainder when x is divided by g.
20
Suppose -3*y + 4*m + 80 = 0, -3*m = -2*y + 5*y - 45. Calculate the remainder when 79 is divided by y.
19
Let r be (-4 + (-46)/(-4))*2. Suppose 3*b - 12 = 2*b - z, r = 3*b - 4*z. Calculate the remainder when 44 is divided by b.
8
Let n = 58 + -26. Suppose -8 = -2*i + h, 0 = 4*h + 5 + 3. Suppose -9 = -3*q + i*b + 21, -3*b + 36 = 3*q. Calculate the remainder when n is divided by q.
10
Let r = 9 + -5. Suppose 0 = -3*f - 3*i + 24, -r*f = f - 2*i - 26. Suppose 4*z + 3 = 19. Calculate the remainder when f is divided by z.
2
Suppose -5 = -5*h + 10. Suppose -30 = -2*t - 2*j, -h*t + 2*t = 2*j - 14. Calculate the remainder when 47 is divided by t.
15
Let c = 150 - 82. Suppose 29 = 9*t - 25. Suppose -5*d + c = -2*l, -t*d + 48 = -d + 3*l. Calculate the remainder when d is divided by 5.
2
Suppose 0 = -3*x + 36 - 6. Let z = -17 - -20. Suppose 3*p - 18 = z*m, p - 3*m = 10 - 4. Calculate the remainder when x is divided by p.
4
Let d(c) = 15*c**3 - 11*c**2 - 13. Let j(b) = 8*b**3 - 6*b**2 - 7. Let t(s) = -6*d(s) + 11*j(s). What is the remainder when 11 is divided by t(-1)?
2
Suppose 4*p - j = 26, -5*p + p + 5*j = -34. Let b = p + -4. What is the remainder when b is divided by -1 + (1 - 0)*3?
0
Let w be (-6)/(-2) + -9 + 8. Calculate the remainder when 7 is divided by w + (-3 + -3)/(-2).
2
Let i be 6 + -6 - 0/(-1). Suppose 2*t - 24 - 4 = i. Calculate the remainder when t is divided by 9 - (0/(-1) - -1).
6
Let k(f) = f**2 - 5*f - 8. Let b be k(7). Suppose b*z = z + 275. What is the remainder when z is divided by 14?
13
What is the remainder when 10 is divided by (6*(-4)/(-36))/(1/6)?
2
Let d = 21 - -5. Suppose 3*k + 4*v - 3*v - 5 = 0, 0 = -2*k - 4*v. Suppose -5*q + 78 = 2*c, -4*q + k*c = -2*c - 40. What is the remainder when d is divided by q?
12
Suppose 2*t - 2*a - 142 = 0, 4*t + 5*a - a - 300 = 0. Let u = 103 - t. Let z = 57 - 41. Calculate the remainder when u is divided by z.
14
Suppose -20 = -2*d - 3*d. Suppose -s - 12 = -d*s. Suppose 3*m - 4 = -n, 0 = -s*n + 4*m + 17 + 15. Calculate the remainder when 25 is divided by n.
4
Let l = -104 - -121. Let y(w) be the second derivative of -3*w**3 - 3*w**2/2 - w. Calculate the remainder when y(-2) is divided by l.
16
Calculate the remainder when 28/(-2 - -7 - 3) is divided by 9.
5
Let a = 9 - 4. Suppose 5*x - 2*s = 41, -5*x + 5*s + 32 = 6*s. What is the remainder when x is divided by a?
2
Suppose m + 2*m + 27 = 2*i, -2*i + 29 = -m. What is the remainder when 27 is divided by i?
12
Suppose 4*f + 0*p + 2*p = 16, -3*p + 6 = 0. Calculate the remainder when 31 is divided by f.
1
Let g(z) = z - 1. Let u = -48 + 50. Calculate the remainder when g(5) is divided by u.
0
Let m be 2/3 + (-8)/12. Let v = m + 9. What is the remainder when 17 is divided by v?
8
Suppose 3*b = 2 + 103. Suppose 3*t = 4*a - b, 2*t = -4*a - t + 5. What is the remainder when 21/2*(-4)/(-3) is divided by a?
4
Suppose -224 = -11*w - 5*w. What is the remainder when 139 is divided by w?
13
Suppose -50 = -4*d + 62. Let t(k) = -k - 3. Let i be t(-6). Suppose 3*n - 42 = i. Calculate the remainder when d is divided by n.
13
Let w(h) = h**2 - 9*h - 9. Let x be w(10). What is the remainder when (-20)/(x*(1 + -2)) is divided by 11?
9
Let f = 33 + -21. What is the remainder when 32 is divided by f?
8
Let m = 116 + -93. Calculate the remainder when 90 is divided by m.
21
Suppose 3*k + 5*x - 40 = -2*k, -19 = -5*k + 2*x. Let r = -2 + k. Calculate the remainder when 5 is divided by r.
2
Suppose 3*t - 237 = 81. Calculate the remainder when t is divided by 9.
7
Let m(r) = -r**3 + 6*r**2 + r + 14. Calculate the remainder when 99 is divided by m(6).
19
What is the remainder when 9/(-2 - (-44)/16) is divided by 3?
0
Suppose -d + 2 = 4*f, 0 = -d - 3*d + 2*f + 8. Suppose -d*y = y - 84. Calculate the remainder when y is divided by 15.
13
Calculate the remainder when 125 is divided by ((-126)/(-15))/((-7)/(35/(-2))).
20
Let m(j) = 6*j. What is the remainder when 46 is divided by m(4)?
22
Suppose 1 = -2*o - 1, -2*v + 6 = 4*o. Calculate the remainder when v is divided by 2.
1
Suppose -5*g - 15 = 0, -3*n - 8 = -n + 4*g. Suppose -20 = -4*z - 0*z, -n*t + 3*z - 23 = 0. Let j = 1 - t. Calculate the remainder when 8 is divided by j.
3
Let a = -13 - -16. Calculate the remainder when a is divided by 2/7 + 24/14.
1
Suppose 4*m + 1 = -5*c, -c + 19 = m + 3*m. What is the remainder when m is divided by 5?
1
Suppose -5*q - 3*a + 38 = 11, 5*q - 23 = -2*a. Let v = -10 - -19. Suppose -v = 4*f + 5*h, -3*f + 2*f = -h - 9. What is the remainder when f is divided by q?
1
Suppose -5*c + 53 = -57. Suppose 4*h = -h + 60. What is the remainder when c is divided by h?
10
Let d(y) = y**3 + 8*y**2 - 11*y. Let c = 14 - 23. What is the remainder when 52 is divided by d(c)?
16
Suppose 4*x - 3*x - 22 = 0. Suppose 0 = 4*r - 94 - 166. Calculate the remainder when r is divided by x.
21
Suppose 5*n + 9 = 2*w, 90 - 27 = 4*w + 5*n. What is the remainder when w is divided by 8?
4
Let v(u) = -u**3 - 3*u**2 + 2*u + 2. Let a(b) = b**2 - 3*b + 2. Let r be a(3). Suppose r*m + 4 = m. Calculate the remainder when 39 is divided by v(m).
9
Let o = -122 + 132. What is the remainder when 19 is divided by o?
9
Let n be 3/(-12) + (-26)/(-8). Suppose -5*w - 10 = -5*t, -n*t - 5*w + 21 = 7. Suppose -t*d + 10 = -11. Calculate the remainder when 19 is divided by d.
5
Let t(w) = -w**3 - 4*w**2 - 2*w + 2. Let f be t(-2). Suppose 2*d = -0*d + 22. What is the remainder when f - (20*-1 + -2) is divided by d?
9
Suppose -q = 2*q - 711. What is the remainder when q is divided by 40?
37
Suppose 4*p + 7 = -13, -u = -3*p - 44. Calculate the remainder when u is divided by 10.
9
Let u be 1/(0 - (-1)/5). Suppose -u = 2*h + 7. What is the remainder when 10 is divided by (-16)/(-3) - h/9?
4
Let h = 11 + -13. Suppose -4*x = -33 - 19. Calculate the remainder when x is divided by (h + (-12)/4)*-1.
3
Suppose 5*d = 3*a + 339, 4*d + a - 227 - 34 = 0. Calculate the remainder when d is divided by 23.
20
Let m = 17 - 10. What is the remainder when 55 is divided by m?
6
Suppose -o + 3 = t, 0 = -3*o + 3*t + 28 + 11. Suppose f + 2*f - 55 = 5*d, 2*f - 4*d = 40. Suppose 70 = f*n - 5*n. What is the remainder when n is divided by o?
6
Suppose 5*t - 20 = -0*t. Suppose 85 = 2*o + 5*s, -2*o + s + 95 = t*s. Calculate the remainder when o is divided by 14.
13
Suppose -5*d = -2*d - 138. Suppose c = -3 + 10. Suppose -5*n = -c - 73. Calculate the remainder when d is divided by n.
14
Suppose 0 = 4*h - h - 30. Let z(t) be the third derivative of -t**4/24 - t**3/6 - t**2. What is the remainder when h is divided by z(-5)?
2
Suppose 2*s = 5*s - 6. What is the remainder when s is divided by 2?
0
Suppose -3*b - 67 = -6*b + m, 0 = 2*b - m - 44. Calculate the remainder when 64 is divided by b.
18
Suppose 40 + 30 = 5*z. What is the remainder when 4 - ((-41)/1 + 4) is divided by z?
13
Suppose -14 = -4*i + 2. Suppose -4*y + 36 = i*u, 3*y = 2*u + 4*y - 17. Suppose 0 = m - l - 29 + 9, 4*l = m - 14. Calculate the remainder when m is divided by u.
6
Suppose 30 = l - 19. Let n(w) = -w**3 + 8*w**2 - 8*w + 1. What is the remainder when l is divided by n(6)?
24
Let z(v) = -v**3 + 6*v**2 - 8*v + 22. What is the remainder when 129 is divided by z(4)?
19
Suppose 0 = -3*x - x - 3*k + 57, 4*x - 62 = 2*k. Let s = 13 + x. Calculate the remainder when s is divided by 10.
8
Suppose 14*l - 66 = 466. Let a(j) = j**3 - 6*j**2 + 5*j + 5. Let t be a(5). Let m = 5 + t. What is the remainder when l is divided by m?
8
Let h be -5 + 4 + 12/2. Suppose 87 + 8 = h*i. Calculate the remainder when i is divided by 7.
5
Let n(s) = -s**2 - 13*s - 19. Calculate the remainder when n(-11) is divided by 3.
0
Let y = 23 + -20. What is the remainder when 8 is divided by y?
2
Let a(q) = q**2 + 4*q + 5. Let m be a(-5). Let x = m - 7. What is the remainder when 8 is divided by x?
2
What is the remainder when 22 is divided by (-6)/(-4 - (-39)/12)?
6
Suppose -3*g + 59 = -82. What is the remainder when g is divided by 2 - 11/(-2)*4?
23
Suppose -2*q + 92 + 16 = 0. Suppose -3*s + 27 + 6 = 0. What is 